
Suppose -4*t - t + 4365 = 0. Let z = 44 + -53. Is t/(-6)*6/z a composite number?
False
Let v(o) = 204*o - 17. Is v(21) composite?
True
Suppose -3*s = 2*h, -h - 8 = -s + h. Let q be 5/((-5)/s) + 2. Suppose 6*v - 4*v - 542 = q. Is v a composite number?
False
Is ((-36)/24)/(7/(141092/(-6))) a composite number?
False
Suppose 2*l - 8 = 6. Suppose -4*n - 4*g + 0*g = -2960, 2*n = -g + 1485. Suppose -n = -l*k + 2*k. Is k a composite number?
False
Let t = -63 - -137. Suppose -h - 179 = -4*j - 0*j, -4*j - 3*h + 167 = 0. Suppose t = 2*b - j. Is b a composite number?
False
Let d be -2 - (-842 - 3) - 2. Let t = -422 + d. Is t a prime number?
True
Suppose 3*j - 4*j = 17. Let q = j - -20. Suppose -5*b = 0, b - 125 = -q*c + 856. Is c a prime number?
False
Let s = 22349 - 6448. Is s a prime number?
True
Let m(s) = -2*s**2 - 3*s + 4. Let y be m(2). Is ((-18)/(-15))/(-3) - 5634/y a composite number?
False
Suppose 91*o - 95*o = -5*u + 16941, 16949 = 5*u + 4*o. Is u composite?
False
Suppose -2*r = -2, 3*r - 9 = -2*g - 0*g. Suppose -1620 + 19 = -5*x + 2*i, -g*x + 961 = -i. Is x composite?
True
Suppose 5*g - 4117 = -3*t, -362 - 2942 = -4*g - 5*t. Is g a composite number?
False
Let v be 1 + 1*1*-6. Let s(u) = 27 + 3*u - 17 - 18*u. Is s(v) a composite number?
True
Is 1950 + -29 - 0/((-1)/1) a composite number?
True
Suppose 4821 = p - 5*c, -p = 2*c + 3*c - 4871. Is p composite?
True
Let s be (12/(-2))/(4/(-6)). Suppose -4*z + z = -s, -3*r = -2*z. Is (6 + -1)/(r/38) a composite number?
True
Let s(t) = -t**2 - 9*t + 13. Let v be 2/3 + (-64)/6. Let f be s(v). Suppose f*i - 252 = 21. Is i prime?
False
Let x(o) = 104*o**3 - 8*o**2 + 2*o - 17. Is x(5) a prime number?
False
Suppose 3*i = -2*y + 6371 + 49582, 5*y = 0. Is i a composite number?
True
Let m(i) = -242*i - 27. Suppose -100 = 4*a - 36. Is m(a) a prime number?
False
Let a be 2/(((-12)/90)/(134/(-10))). Suppose -4*o + 4*u + 819 = -u, o = 2*u + a. Is o prime?
True
Is 15068/10 + (-28)/(-140) a composite number?
True
Let f be 1 + 9/(9/(-128)). Is 2/2*2 - f a composite number?
True
Is (55218 - -78) + (-1)/(1/5) prime?
True
Suppose 27*s + 173605 = 32*s. Is s a prime number?
True
Let l = 413 - -30. Is l prime?
True
Let v(b) = -31 - 26*b - 59*b + 48*b. Is v(-18) a composite number?
True
Let p(l) = 7*l**3 - 8*l**2 + 134*l + 13. Is p(14) composite?
True
Suppose 0*i + 2 = -2*i + 3*t, i = t + 1. Let u(h) = 5*h**3 + 5*h**2 - 2*h - 6. Let l be u(i). Let g = 1321 - l. Is g composite?
False
Let n = 31 + -27. Suppose n*j = 3*l - 2371, -802 = -l - 0*j - j. Is l a composite number?
False
Let j(l) = -3165*l - 352. Is j(-7) a composite number?
False
Suppose -11*r + 6803 - 29188 = 0. Let d = 4269 + r. Is d prime?
False
Suppose -20*t + 110053 + 89287 = 0. Is t a composite number?
False
Suppose -4*t = -t + 5*d + 10063, -4*t = 2*d + 13422. Let a = t - -5843. Is a composite?
True
Suppose 5*q - f - 12 = 0, -3*q + 6*q - 2*f - 10 = 0. Suppose q*c = 5*o - 0*c - 60, c = -2*o + 15. Is o prime?
False
Suppose -1155 = -77*y + 44*y. Is y prime?
False
Let q be ((-1)/(-3))/(7/63). Suppose 779 = l - 0*l + 2*f, 2349 = q*l + 2*f. Is l a prime number?
False
Let g = 13786 + -9095. Is g prime?
True
Let q(b) = 15*b + 109. Is q(19) prime?
False
Let h = 1 + 3. Suppose 28 + 0 = h*n. Is n a composite number?
False
Suppose -5*h = -v + 131, -v + 3*h - 7 = -134. Let b = v + 172. Is b composite?
False
Suppose 30 = 8*q - 3*q. Let r be (-4)/q*3 + 0. Is 298*4*r/(-16) prime?
True
Suppose 4*f - 85862 = 7614. Is f a composite number?
False
Suppose 10 = -5*h - 5*n, -h - 4*n + n = 6. Let s = -882 - -887. Suppose 0 = -x + q + 14, h = -s*q + q + 4. Is x prime?
False
Let a(t) = -18*t + 14. Let r be a(-4). Let s be (-4)/(-10) - 404/10. Let l = s + r. Is l composite?
True
Let z = 3 + 496. Is z a composite number?
False
Let y = 20499 - -4748. Is y a composite number?
False
Let a(b) = -2181*b - 38. Is a(-7) composite?
True
Suppose 5 + 5 = 5*m, -5*d + 5*m = -114255. Is d a composite number?
False
Let z(o) = 85*o**2 - 1. Let b be z(1). Suppose 4*w - w - b = 0. Suppose 67 = 5*a - w. Is a prime?
True
Suppose -x = -3*c + 2163, 4*c + 4276 - 15124 = 5*x. Let v = 4030 + x. Is v prime?
False
Suppose 21*l - 56694 = 157653. Is l a composite number?
True
Let t be 1/2*(-7 - -11). Suppose -2*j = j - t*d - 615, 4*d - 615 = -3*j. Is j a prime number?
False
Let j(g) = g**3 - 14*g**2 + 12*g + 15. Let b be j(13). Suppose -13*t + 2057 = -b*t. Is t composite?
True
Suppose -t = 4*t - 870. Suppose m = 3, -t + 43 = 5*f + 3*m. Is 538/8 - (-7)/f a prime number?
True
Let h(r) = 2408*r**2 - 1 - 2*r + 3*r - 2*r. Let j be h(-1). Suppose -747 = b - j. Is b prime?
False
Let w(a) = -145*a**2 + 4*a. Let d(v) = -146*v**2 + 3*v. Let p(n) = -4*d(n) + 3*w(n). Is p(-1) prime?
True
Let g be ((-9)/12)/(4/(-80)). Is 1203*((-25)/g)/(-1) composite?
True
Let g(k) = -39*k**3 + 6*k**2 + 5*k - 5. Is g(-3) prime?
True
Let t(k) = -111*k - 20. Let f(g) = -112*g - 21. Let c(x) = 3*f(x) - 4*t(x). Is c(15) a prime number?
True
Let x(j) = -672*j - 7. Let p be x(-4). Suppose 0 = -4*q + 10293 - p. Is q a composite number?
True
Let s(p) = p**3 + p - 32 - p**2 + 29 - 9*p**3 + 0*p. Is s(-2) composite?
True
Let h = -81 + 83. Let f(d) = 51*d**3 + 4*d**2 - 3*d - 1. Is f(h) a prime number?
False
Let p(g) = -g + 42. Let f be p(0). Suppose 6*w - 3*w = f. Is w composite?
True
Let x be -1009 - 0*4/(2 - 10). Is 4 - (x - (-7 - -3)) composite?
False
Suppose -4*u + 4*m = -11716, 0 = -3*m + 1 + 11. Is u a prime number?
False
Let w be 1/3 + (-212075)/(-75). Suppose 4*z = -0*z + w. Is z a prime number?
False
Is (33/39 - 1) + (-18468)/(-52) a composite number?
True
Suppose -h - 7*h = -16. Let t(n) = 4*n**2 + 4*n - 5. Is t(h) composite?
False
Suppose -2*k + k = 3*i + 9, -5*k + 12 = -4*i. Let o(r) = k*r - 5 + 2*r**2 - r**2 - r. Is o(-11) a prime number?
True
Let j(o) = 2*o**2 + 3*o - 10. Suppose 3*b = 5*q - 53, -3*b - q = -b + 18. Is j(b) a composite number?
False
Suppose 3*m - 3*t - 253 = 2*t, 2*m = -t + 186. Is m a composite number?
True
Let o(y) = -3*y**3 - 3*y**2 + 24*y + 23. Is o(-7) composite?
True
Let i(p) = -p**3 + 5*p**2 + 11*p - 7. Let c be i(-8). Let a be (13838/55)/((-2)/(-10)). Let r = a - c. Is r composite?
False
Let q(z) = -11*z - 19. Let n be q(-9). Suppose -238 = -6*t + n. Is t a prime number?
True
Let w be 509/3 + (-4)/(-12). Suppose w = 2*y - 146. Is y composite?
True
Suppose -109*d + 105*d + 5412 = 0. Suppose -3*o + 666 = -d. Is o composite?
False
Suppose -2*j + 11*j - 31329 = 0. Is j prime?
False
Let n(i) = 38*i**3 + 9*i**2 + 7*i - 18. Let r be n(-5). Let p = -2429 - r. Is p a prime number?
False
Suppose 3*r = -h + 58024, -7*r - 116032 = -2*h - 5*r. Is h a prime number?
False
Suppose -9*o = -303 - 4323. Is o prime?
False
Let u(a) = 30*a**2 - 9*a + 104. Is u(-19) a composite number?
True
Let x = 12 + -6. Suppose 9*n - x*n - 1518 = 0. Suppose -20 = j - 5*j, -2*u + 4*j = -n. Is u prime?
True
Suppose -3*l - 10059 = 5*i, 0 = i - 2*l + 1361 + 656. Let c = -1438 - i. Suppose -5*s + 5*j - c = -2235, 2 = -2*j. Is s composite?
False
Let j(l) = 15*l + 36. Let t be j(-8). Let z = t - -2117. Is z a prime number?
False
Let h(n) be the third derivative of -n**6/20 - n**5/15 - n**4/8 - n**3/6 + 8*n**2. Is h(-4) composite?
False
Suppose -32*h + 23*h + 81873 = 0. Is h a prime number?
False
Let j(a) = -35*a - 13. Let n be j(-6). Suppose 5 + 3 = -2*f, 3*w + 276 = -3*f. Let l = n + w. Is l a prime number?
True
Let s be (239/2)/((-365)/(-180) - 2). Suppose 8*l - 1450 = s. Is l prime?
True
Let t = 11 - 17. Let b(p) be the first derivative of p**4/4 + 8*p**3/3 + 5*p**2 + 7*p + 6. Is b(t) a prime number?
True
Let z = 151 + -24. Suppose -v - z + 2724 = 0. Suppose 0 = -4*x + x - y + 1547, 5*x - v = 3*y. Is x a prime number?
False
Suppose -13*x + 15*x - 8570 = 0. Is x composite?
True
Let j = 614 - -3185. Is j composite?
True
Let g(z) = -z - 10. Suppose -l = 5*h + 17, -3*h - 2*h - 41 = 3*l. Let q be g(l). Suppose -3*v - 5*s + 87 = -260, q*s = 4*v - 480. Is v composite?
True
Suppose -3*o + 6*o = -21. Let g(i) be the first derivative of i**3 + 7*i**2/2 - 11*i - 7. Is g(o) prime?
False
Suppose -4*v + 2912 = 2*c + 7816, -5*c - 12315 = -v. Let i = 4689 - c. Is i composite?
False
Is (-14 - -15) + 27702/3 a prime number?
False
Let y = -5 - -8. Suppose h = y*h. Suppose h